 2/(-3). Let z(y) = 9*y**2 - y. Calculate z(b).
8
Suppose b = -2*b - 3. Let q(u) = -2*u + 1. Give q(b).
3
Let q(c) be the second derivative of c**5/20 + 5*c**4/12 + 5*c**3/6 + 3*c**2 - c. Suppose 3*w - 4*n = -38, 5*w + 7*n = 3*n - 74. Let b = w + 10. What is q(b)?
2
Let c(m) be the third derivative of -m**5/60 + m**4/2 + 3*m**3/2 - 26*m**2. Calculate c(13).
-4
Suppose 4 = 2*z - 4*z. Let w(p) = -2*p**2 - 3*p - 1. Determine w(z).
-3
Let x(t) = -t**2 + 9. Let y(j) = j + 13. Let l(p) = -4 + 3 + 2. Let h(v) = -6*l(v) + y(v). Let f be h(-7). Calculate x(f).
9
Suppose 4*j - j = 27. Suppose 3*f + j = -6. Let c(m) = m. What is c(f)?
-5
Let k(m) be the first derivative of m**3/3 + 3*m**2 + 4*m - 5. Calculate k(-3).
-5
Let v(u) = u**3 + 17*u**2 + 17*u + 18. Let o be v(-16). Let a(b) = -b**2 + 2*b. What is a(o)?
0
Suppose 0 = 2*j + 4 + 8. Let d(m) = -m**2 - 5*m + 1. Let k be d(j). Let s(w) = -w**2 - 3*w + 3. Calculate s(k).
-7
Let h(z) = -z + 8. Suppose 4*v - 2*k + 3*k - 19 = 0, -35 = -5*v + k. Let w = -1 + 1. Suppose w = 2*m - v*m. What is h(m)?
8
Let s(a) = a**2 - 5*a + 5. Let u(g) = -g**3 - 4*g**2 - 4*g - 6. Let d = -8 - -4. Let x be u(d). Let k(j) = -j**3 + 10*j**2 + 5. Let q be k(x). What is s(q)?
5
Let j(h) be the first derivative of h**6/180 + h**3 + 1. Let g(v) be the third derivative of j(v). Give g(-1).
2
Let f(a) be the first derivative of -a**4/4 - 2*a**3 - 5*a**2/2 + 4*a - 1. Determine f(-5).
4
Let m(h) = 4 + h + 4*h + 0 - 6. What is m(2)?
8
Suppose -5*y - 7 = -4*u - 0*y, 2*y + 13 = 5*u. Suppose -t = u*t. Let a(i) = 3 + 3 + 3*i**2 - 2*i**2. Calculate a(t).
6
Let s(u) = u**3 + u**2 + u + 2. Let d(p) = 3*p**2 - p - 1. Let w be d(-1). Let g be (0 + 8/6)*w. Let n be 1/g - (-6)/(-24). Calculate s(n).
2
Suppose -18 = -4*z + 2. Let s(j) be the third derivative of 2*j**2 + 7/6*j**3 + 5/24*j**4 + 0 + 0*j - 1/60*j**5. Give s(z).
7
Let n(d) be the third derivative of -d**4/4 - d**3/6 - 10*d**2. Suppose -3*o + 7 = -4*t + 3*t, -3*o - 2*t - 5 = 0. Calculate n(o).
-7
Let m(a) = 5*a - 5. Let p be m(2). Suppose k = -4*c - 23, p*k = c - 0*k + 11. Let v(z) = -3*z - 6. Determine v(c).
12
Let w(y) = -14*y + y**3 - 1 - y**2 + 2 + 11*y. Calculate w(2).
-1
Let x(o) = -3*o**2 + 3*o - 2. Let r(d) be the third derivative of d**5/15 - d**4/12 + d**3/6 - d**2. Let t(z) = -2*r(z) - 3*x(z). Calculate t(4).
0
Let k(c) = c**3 - 3*c**2 - 4*c + 1. Let t = -24 - -28. Calculate k(t).
1
Let s(n) be the second derivative of n**4/12 + n**3/6 + 2*n**2 + 6*n. Calculate s(4).
24
Let n(s) = s**3 - s**2 + s - 1. Let o be n(0). Let m(r) = 13*r**2 - 2*r - 1. What is m(o)?
14
Let m(z) = -z**3 - 2*z**2 + 2*z + 2. Let g = -9 - -11. Determine m(g).
-10
Let u(d) = 4*d - d + 5*d - 1 - 4*d. Let i be 3 + 4 + -2 + -4. Determine u(i).
3
Let p(l) be the third derivative of 0 - 1/24*l**4 + 0*l - 1/6*l**3 - 3*l**2. Give p(2).
-3
Let p = 16 + -11. Let k(j) = 2*j - p + 0 + 0*j + j. Give k(5).
10
Let w(x) = -3*x**3 - 2*x**2 + 1. Let a be w(1). Let s(z) be the first derivative of -z**4/4 - z**3 + 3*z**2 + 3*z + 5. Determine s(a).
-5
Let i(b) = b**2 - 2*b. Let k(p) = -p**3 + 6*p**2 - 10*p + 5. Let r be k(3). Give i(r).
0
Let x(o) = o**2 + 2*o + 2. Suppose 2*q = 2*f + 4, 0*f + 4*q = 3*f + 10. Suppose -f*u - 5 = -1. Give x(u).
2
Suppose -8*x - 4 = -10*x. Let u(o) be the second derivative of -1/20*o**5 - 1/6*o**3 + 0 + 1/2*o**x + 1/6*o**4 + 2*o. Calculate u(1).
1
Let k(j) = -3*j - 2. Let v be k(-3). Let q(c) = c**2 - 6*c + 3. Let z be q(v). Let n(a) = a + 5 - z*a - 4. What is n(1)?
-8
Suppose -7*p + 11*p = -12. Let x(f) = -3*f - 3. What is x(p)?
6
Let l be ((-4)/3)/((-8)/12). Let t(r) = 4*r**2 - r - 6*r**2 + r**3 + r**l - 2 + 0*r**3. Let b = 5 + -5. Determine t(b).
-2
Let w(n) = n. Suppose -5*q = 4*p - 24, -4*q = -2*q + 3*p - 11. What is w(q)?
4
Let d(h) = 5*h - h + 2 + 2 - 3*h. Determine d(-5).
-1
Let n(r) be the third derivative of 0*r + 0 + 7/6*r**3 - 1/6*r**4 - 1/120*r**6 - 1/10*r**5 + 2*r**2. Give n(-5).
2
Let c be 4 - 8/(-6)*-3. Let x(b) be the third derivative of c - 2*b**2 + 1/4*b**4 - 1/60*b**5 - 5/6*b**3 + 0*b. What is x(5)?
0
Let j(z) = 11 - 5*z - 5 + 12*z + z**2. Let w(a) = -a**3 - 6*a**2 + 5*a + 5. Let l be w(-7). Let s = l - 25. Calculate j(s).
0
Let g = -6 - -3. Let i(x) = 2*x**3 + 2 - 4*x**2 - x + 2*x**3 + 3*x**3 - 8*x**3. Give i(g).
-4
Let q(c) = -3*c**2 + 11*c + 23. Let p(y) = -2*y**2 + 5*y + 12. Let h(t) = -5*p(t) + 3*q(t). What is h(-6)?
-3
Let s(d) = -5*d**2 - d. Suppose 4*a - 92 = -5*n, 0*a + 5*n + 34 = 3*a. Let h be ((-12)/a)/((-4)/30). Suppose h*t = 1 + 4. Calculate s(t).
-6
Suppose -5*s - 4 = 4*o + 8, 3*o + s = 2. Let f(i) = -5*i - 3. Let k(d) = 5*d + 4. Let r be ((-5)/(-3))/(1/3). Let z(c) = r*k(c) + 6*f(c). What is z(o)?
-8
Let p(i) = -2*i**2 + 5*i + 8. Suppose 26*g - 60 = 16*g. Give p(g).
-34
Let l be (3 - 0) + -6 + -25. Let g be 7/2*(-48)/l. Let t(w) = -2*w**3 + 5*w**3 - 8 - 4*w - 4*w**3 + 7*w**2. Calculate t(g).
4
Let x = 2 - 1. Let l be x/2 + 1/2. Let m(v) = -v + l - v + v. What is m(5)?
-4
Let i(m) be the second derivative of m**5/20 + m**4/3 - m**3 - 5*m**2/2 + 5*m. Determine i(-4).
19
Let h = 8 + -3. Suppose -h*q + 4 = -q. Let z(j) = 4*j**2 - 2*j**2 - 2*j - 4*j**2 - q - j. Give z(-2).
-3
Suppose 0 = 3*a + 3, 5*x - 2*a = 27. Let c be (-31)/x - 2/(-10). Let m = 3 + c. Let d(u) = u. Determine d(m).
-3
Let b(a) = 7*a + 1. Let k(q) = -q**3 + 10*q**2 + q - 10. Let w be k(10). Let v be 1 + w + -11 + 11. Calculate b(v).
8
Let q(b) be the first derivative of 3 + 1/2*b**2 + 0*b. Suppose 0 = 3*t - 8*t. Determine q(t).
0
Let t = 15 - 10. Suppose 0 = -t*c - 2 - 3. Let g(u) = 6*u + 2 - 2. Determine g(c).
-6
Let o(v) be the third derivative of 0*v - 1/24*v**4 + 0 + v**2 + 7/60*v**5 + 0*v**3. What is o(1)?
6
Let k = 2 - 0. Let s(u) = k - 6 - u**2 - u - 2. Determine s(0).
-6
Let s(v) = -v. Suppose -3*t = -5*l - 43, 4*t = l + 5 + 7. Let g = l - -5. Calculate s(g).
3
Let z be 3/(-1*3/(-3)). Let j(t) = -3 - z*t + 0*t + 2*t. What is j(4)?
-7
Let f(s) = -1 - 4*s + 4*s**2 - 2*s**2 - s**2 - s. Let w(t) = -t. Let u(y) = -f(y) + 4*w(y). Determine u(2).
-1
Let y be (-10)/(-6) + (-4)/6. Let u(t) = 1. Let g(h) = -2 - 1 + 0 - 4*h + h**2. Let n(i) = y*g(i) + 6*u(i). Calculate n(2).
-1
Let f = -11 + 8. Let g(p) = -2*p**3 + 2*p**2 + p + 1. Let y(r) = -3*r**3 + 4*r**2 + r + 1. Let m(o) = f*y(o) + 5*g(o). Calculate m(2).
-10
Let u(q) = -3*q + 0*q - 3*q + q**2 + 0*q. Let b be u(6). Let d(a) = -a - 7. Calculate d(b).
-7
Let p(r) = -r**3 - 5*r**2 + 6*r + 1. Let h be p(-6). Suppose -5*y = -h - 34. Let n(s) = -s**3 + 7*s**2 + s - 1. Determine n(y).
6
Let f(g) = g + 4. Let u be (-1 + 0)/((-2)/(-10)). Let k be (3/18)/(4/24). Let o = k + u. What is f(o)?
0
Suppose 8 = -4*o + 6*o. Let f(y) = -y**3 - 6*y**2 + 3*y + 4. Let c(w) = -2*w**3 - 7*w**2 + 4*w + 4. Let m(v) = 2*c(v) - 3*f(v). Give m(o).
-8
Let o(p) = p**2 - 7*p - 7. Let b be o(8). Let x(c) = 8*c**3 - 3*c**2 - 2*c - 1. Let v(g) = 8*g**3 - 4*g**2 - 3*g - 2. Let a(t) = -2*v(t) + 3*x(t). What is a(b)?
8
Suppose 0 = 3*h - 4*h + 4*a + 4, 5*a - 21 = -2*h. Let s = h - 6. Let i(x) = 2*x + 4. Let m(t) = -3*t - 5. Let b(q) = -4*i(q) - 3*m(q). Calculate b(s).
1
Let y(p) be the third derivative of p**4/24 + p**3/6 + 6*p**2. Determine y(6).
7
Let k(w) = -w - 2. Suppose 8 = -3*f + 2*f. Let g = 7 + f. Let o be (g - (0 + -2))*-3. Calculate k(o).
1
Suppose 0 = 3*l - 5*l + 8. Suppose w + 0*w + l = 0. Let s(z) = z**3 + 5*z**2 + 3*z - 3. Give s(w).
1
Let p(j) = -3*j + 2. Let l(k) = -4*k + 2. Let w(f) = -4*l(f) + 6*p(f). Let r(s) = s - 6. Let u be r(3). What is w(u)?
10
Let m = 4 - 0. Let c = m - 0. Let s(u) = -c*u - u**2 + 0*u**2 + u - 4*u. Give s(-7).
0
Suppose 2*u = 3 - 1, 2*y + u - 11 = 0. Let q(t) = 4*t - y*t + 4 - 2. Let r be (-2 + 12)*8/(-20). Determine q(r).
6
Let u(c) = c**2 - c + 1. Let k(t) = 3*t**2 - 4*t + 12. Let o(l) = k(l) - 4*u(l). Suppose -5*j = -10, 3*w - 4 = j - 3*j. Give o(w).
8
Let b = -26 - -33. Let j(n) = -16*n + 8*n + 1 + b*n. Determine j(-3).
4
Suppose -j - 3 + 9 = 0. Let m(z) = z**3 - 5*z**2 - 7*z + 2. Let n be m(j). Let t(s) = -s**2 - 8*s + 3*s + 1 + 4*s. Calculate t(n).
-11
Suppose 0 = 5*f - 3*o + 29, 0 = -3*f - 0*f - o - 9. Let x(k) be the first derivative of -k**3/3 - k**2/2 + 5*k + 8. Give x(f).
-7
Suppose 5*k - 15 = 8*k. Let n(q) = q**2 - 13*q + 1